ulate the highest common divisor of 405 and 7209.
81
Calculate the highest common factor of 26 and 84.
2
Calculate the highest common divisor of 2 and 54.
2
What is the greatest common divisor of 320 and 12224?
64
What is the highest common factor of 5890 and 4650?
310
Calculate the greatest common divisor of 1488 and 96.
48
What is the highest common factor of 102 and 1360?
34
What is the highest common divisor of 3438 and 18?
18
Calculate the greatest common factor of 198 and 162.
18
What is the greatest common factor of 54 and 9126?
54
Calculate the greatest common divisor of 1134 and 405.
81
What is the highest common divisor of 1813 and 196?
49
Calculate the highest common factor of 5817 and 42.
21
Calculate the greatest common divisor of 318 and 18.
6
What is the greatest common factor of 20 and 2620?
20
What is the greatest common divisor of 58 and 986?
58
What is the greatest common divisor of 7 and 301?
7
What is the greatest common divisor of 2253 and 6?
3
What is the highest common factor of 159 and 2809?
53
What is the highest common factor of 4635 and 90?
45
What is the greatest common divisor of 645 and 225?
15
What is the greatest common divisor of 16 and 216?
8
Calculate the highest common divisor of 243 and 4563.
27
What is the highest common factor of 18 and 90?
18
What is the greatest common divisor of 7 and 497?
7
What is the greatest common factor of 756 and 42?
42
Calculate the highest common divisor of 1888 and 59.
59
What is the greatest common divisor of 3509 and 29?
29
What is the greatest common factor of 11802 and 42?
42
What is the greatest common divisor of 810 and 114?
6
Calculate the greatest common divisor of 153 and 9.
9
What is the highest common factor of 43303 and 26?
13
What is the greatest common divisor of 100 and 1100?
100
What is the greatest common divisor of 320 and 3180?
20
What is the highest common factor of 240 and 7120?
80
What is the highest common divisor of 651 and 186?
93
Calculate the highest common divisor of 303 and 101.
101
Calculate the highest common divisor of 87 and 116.
29
Calculate the greatest common divisor of 209 and 380.
19
Calculate the greatest common divisor of 76 and 684.
76
What is the highest common divisor of 87300 and 20?
20
Calculate the greatest common factor of 18 and 288.
18
What is the greatest common divisor of 24 and 600?
24
What is the highest common divisor of 3807 and 94?
47
Calculate the highest common factor of 24 and 5844.
12
Calculate the greatest common factor of 4098 and 24.
6
Calculate the greatest common factor of 744 and 108.
12
Calculate the highest common divisor of 21 and 24276.
21
Calculate the highest common divisor of 155 and 5.
5
Calculate the greatest common divisor of 3225 and 270.
15
Calculate the highest common divisor of 488 and 32.
8
Calculate the greatest common divisor of 81 and 315.
9
Calculate the greatest common factor of 102 and 663.
51
Calculate the highest common factor of 3525 and 141.
141
Calculate the greatest common divisor of 210 and 2170.
70
Calculate the greatest common factor of 216 and 16.
8
What is the highest common divisor of 213 and 6?
3
What is the greatest common divisor of 52 and 390?
26
Calculate the greatest common divisor of 340 and 180.
20
Calculate the highest common factor of 11 and 8327.
11
What is the highest common divisor of 30940 and 280?
140
What is the highest common divisor of 19 and 13015?
19
Calculate the highest common divisor of 87 and 4263.
87
Calculate the greatest common factor of 20 and 17260.
20
Calculate the highest common divisor of 5 and 2965.
5
Calculate the greatest common factor of 744 and 7626.
186
What is the highest common divisor of 19788 and 408?
204
Calculate the highest common divisor of 592 and 128.
16
Calculate the highest common factor of 12688 and 208.
208
What is the greatest common divisor of 5208 and 24?
24
Calculate the highest common factor of 88 and 77.
11
What is the highest common factor of 192 and 588?
12
What is the greatest common factor of 70 and 1974?
14
What is the highest common divisor of 2484 and 184?
92
What is the highest common factor of 14 and 3899?
7
What is the highest common divisor of 646 and 3128?
34
Calculate the highest common factor of 108 and 2592.
108
Calculate the highest common factor of 65 and 25.
5
What is the highest common divisor of 292 and 73?
73
Calculate the highest common divisor of 1140 and 19.
19
Calculate the greatest common factor of 105 and 595.
35
Calculate the highest common divisor of 8 and 512.
8
Calculate the highest common factor of 800 and 14880.
160
What is the highest common factor of 427 and 61?
61
Calculate the greatest common divisor of 4605 and 15.
15
Calculate the greatest common factor of 1053 and 39.
39
What is the highest common factor of 168 and 48?
24
Calculate the greatest common divisor of 68 and 7548.
68
Calculate the highest common divisor of 60 and 12.
12
Calculate the highest common factor of 72 and 2488.
8
What is the highest common factor of 4717 and 445?
89
What is the highest common factor of 1652 and 10325?
413
What is the highest common divisor of 901 and 1961?
53
What is the highest common factor of 18 and 405?
9
What is the greatest common divisor of 161 and 1403?
23
What is the greatest common divisor of 99 and 33?
33
Calculate the greatest common divisor of 704 and 11.
11
Calculate the greatest common factor of 4992 and 8.
8
What is the highest common divisor of 5225 and 5?
5
Calculate the greatest common divisor of 114 and 30.
6
What is the highest common factor of 57 and 7?
1
Calculate the greatest common divisor of 5908 and 140.
28
Calculate the highest common factor of 16300 and 10.
10
What is the highest common factor of 160 and 200?
40
What is the highest common divisor of 272 and 1072?
16
What is the highest common divisor of 57 and 25593?
57
What is the greatest common factor of 16452 and 18?
18
What is the greatest common factor of 12 and 327?
3
What is the greatest common divisor of 12 and 732?
12
What is the greatest common divisor of 1054 and 68?
34
What is the greatest common factor of 729 and 36?
9
Calculate the greatest common divisor of 589 and 19.
19
Calculate the highest common divisor of 3410 and 1980.
110
Calculate the highest common divisor of 5260 and 30.
10
Calculate the greatest common divisor of 188 and 141.
47
What is the greatest common factor of 9 and 6?
3
What is the greatest common divisor of 5402 and 146?
146
What is the highest common divisor of 1400 and 25?
25
Calculate the greatest common factor of 48 and 69.
3
What is the highest common divisor of 3 and 1461?
3
Calculate the highest common divisor of 2296 and 112.
56
What is the highest common factor of 480 and 1460?
20
What is the greatest common divisor of 165 and 45?
15
What is the highest common divisor of 221 and 13?
13
What is the greatest common factor of 18 and 450?
18
Calculate the highest common factor of 280 and 70.
70
Calculate the greatest common divisor of 1 and 2.
1
Calculate the greatest common divisor of 6503 and 14.
7
Calculate the highest common factor of 270 and 30.
30
Calculate the highest common factor of 27 and 1.
1
Calculate the highest common divisor of 27 and 11727.
9
Calculate the highest common divisor of 140 and 740.
20
Calculate the greatest common factor of 16 and 6992.
16
What is the highest common divisor of 56 and 6696?
8
Calculate the highest common factor of 586 and 6.
2
Calculate the highest common factor of 290 and 20.
10
Calculate the greatest common factor of 338 and 130.
26
Calculate the greatest common divisor of 374 and 33.
11
What is the highest common divisor of 234 and 624?
78
What is the highest common factor of 5612 and 1220?
244
What is the highest common divisor of 68 and 119?
17
Calculate the highest common divisor of 45 and 75.
15
What is the highest common factor of 12 and 21?
3
What is the highest common divisor of 529 and 69?
23
What is the greatest common divisor of 219 and 949?
73
Calculate the greatest common divisor of 30 and 170.
10
Calculate the highest common factor of 682 and 22.
22
What is the highest common divisor of 612 and 9996?
204
Calculate the greatest common divisor of 2268 and 516.
12
Calculate the highest common divisor of 2392 and 1